{"id":274,"date":"2024-08-23T09:43:04","date_gmt":"2024-08-23T07:43:04","guid":{"rendered":"https:\/\/fsgt95.fr\/?page_id=274"},"modified":"2026-02-14T09:16:20","modified_gmt":"2026-02-14T08:16:20","slug":"elementor-274","status":"publish","type":"page","link":"https:\/\/fsgt95.fr\/index.php\/elementor-274\/","title":{"rendered":"Assurances"},"content":{"rendered":"\t\t<div data-elementor-type=\"wp-page\" data-elementor-id=\"274\" class=\"elementor elementor-274\">\n\t\t\t\t<div class=\"elementor-element elementor-element-2aca449 e-flex e-con-boxed e-con e-parent\" data-id=\"2aca449\" data-element_type=\"container\" data-e-type=\"container\">\n\t\t\t\t\t<div class=\"e-con-inner\">\n\t\t\t\t<div class=\"elementor-element elementor-element-b8ff4bb elementor-widget elementor-widget-heading\" data-id=\"b8ff4bb\" data-element_type=\"widget\" data-e-type=\"widget\" data-widget_type=\"heading.default\">\n\t\t\t\t<div class=\"elementor-widget-container\">\n\t\t\t\t\t<h2 class=\"elementor-heading-title elementor-size-default\">Assurances<\/h2>\t\t\t\t<\/div>\n\t\t\t\t<\/div>\n\t\t\t\t\t<\/div>\n\t\t\t\t<\/div>\n\t\t<div class=\"elementor-element elementor-element-07d799a e-flex e-con-boxed e-con e-parent\" data-id=\"07d799a\" data-element_type=\"container\" data-e-type=\"container\">\n\t\t\t\t\t<div class=\"e-con-inner\">\n\t\t\t\t<div class=\"elementor-element elementor-element-630a6e8 elementor-widget elementor-widget-text-editor\" data-id=\"630a6e8\" data-element_type=\"widget\" data-e-type=\"widget\" data-widget_type=\"text-editor.default\">\n\t\t\t\t<div class=\"elementor-widget-container\">\n\t\t\t\t\t\t\t\t\t<div><p>Le contrat de responsabilit\u00e9 civile destin\u00e9 aux clubs et \u00e0 leurs adh\u00e9rent\u00b7es r\u00e9pond \u00e0 l\u2019exigence l\u00e9gale de souscription d\u2019une assurance RC. Cette obligation est satisfaite automatiquement \u00e0 la FSGT par le biais de l\u2019affiliation et de la prise de licence, pour l\u2019ensemble des activit\u00e9s couvertes, qu\u2019elles soient sportives ou extra-sportives (comme les f\u00eates, le T\u00e9l\u00e9thon, etc.).<\/p><p>Cette assurance prend en charge les cons\u00e9quences financi\u00e8res li\u00e9es aux dommages corporels, mat\u00e9riels ou immat\u00e9riels caus\u00e9s \u00e0 des tiers dans le cadre des activit\u00e9s garanties.<\/p><p>Elle inclut \u00e9galement la couverture obligatoire pour les clubs qui organisent des \u00e9preuves cyclistes ou p\u00e9destres sur la voie publique, lorsque celles-ci sont soumises \u00e0 autorisation pr\u00e9fectorale.<\/p><\/div><div>La d\u00e9claration d&rsquo;un sinistre se fait en ligne : <span style=\"color: #0000ff;\"><a href=\"https:\/\/www.fsgt.org\/affiliation\/assurance\/\" target=\"_blank\" rel=\"noopener\" data-saferedirecturl=\"https:\/\/www.google.com\/url?q=https:\/\/www.fsgt.org\/affiliation\/assurance\/&amp;source=gmail&amp;ust=1771142500055000&amp;usg=AOvVaw04vQ42G5QpbAYbR9WDCt0i\">https:\/\/www.fsgt.<wbr \/>org\/affiliation\/assurance\/<\/a>\u00a0<\/span>\u00a0<\/div>\t\t\t\t\t\t\t\t<\/div>\n\t\t\t\t<\/div>\n\t\t\t\t\t<\/div>\n\t\t\t\t<\/div>\n\t\t<div class=\"elementor-element elementor-element-9940e64 e-flex e-con-boxed e-con e-parent\" data-id=\"9940e64\" data-element_type=\"container\" data-e-type=\"container\">\n\t\t\t\t\t<div class=\"e-con-inner\">\n\t\t\t\t<div class=\"elementor-element elementor-element-cfa7fb2 elementor-widget elementor-widget-spacer\" data-id=\"cfa7fb2\" data-element_type=\"widget\" data-e-type=\"widget\" data-widget_type=\"spacer.default\">\n\t\t\t\t<div class=\"elementor-widget-container\">\n\t\t\t\t\t\t\t<div class=\"elementor-spacer\">\n\t\t\t<div class=\"elementor-spacer-inner\"><\/div>\n\t\t<\/div>\n\t\t\t\t\t\t<\/div>\n\t\t\t\t<\/div>\n\t\t\t\t\t<\/div>\n\t\t\t\t<\/div>\n\t\t<div class=\"elementor-element elementor-element-ca047bf e-flex e-con-boxed e-con e-parent\" data-id=\"ca047bf\" data-element_type=\"container\" data-e-type=\"container\">\n\t\t\t\t\t<div class=\"e-con-inner\">\n\t\t<div class=\"elementor-element elementor-element-9bd5c02 e-con-full e-flex e-con e-child\" data-id=\"9bd5c02\" data-element_type=\"container\" data-e-type=\"container\">\n\t\t\t\t<div class=\"elementor-element elementor-element-8311e8f elementor-widget__width-initial elementor-widget elementor-widget-heading\" data-id=\"8311e8f\" data-element_type=\"widget\" data-e-type=\"widget\" data-widget_type=\"heading.default\">\n\t\t\t\t<div class=\"elementor-widget-container\">\n\t\t\t\t\t<h4 class=\"elementor-heading-title elementor-size-default\">\nProtection juridique contre les violences dans le Sport<\/h4>\t\t\t\t<\/div>\n\t\t\t\t<\/div>\n\t\t\t\t<\/div>\n\t\t<div class=\"elementor-element elementor-element-c9c3e5a e-con-full e-flex e-con e-child\" data-id=\"c9c3e5a\" data-element_type=\"container\" data-e-type=\"container\">\n\t\t\t\t<div class=\"elementor-element elementor-element-8d709cc elementor-align-right elementor-widget elementor-widget-button\" data-id=\"8d709cc\" data-element_type=\"widget\" data-e-type=\"widget\" data-widget_type=\"button.default\">\n\t\t\t\t<div class=\"elementor-widget-container\">\n\t\t\t\t\t\t\t\t\t<div class=\"elementor-button-wrapper\">\n\t\t\t\t\t<a class=\"elementor-button elementor-button-link elementor-size-sm\" href=\"https:\/\/fsgt95.fr\/wp-content\/uploads\/2026\/02\/IPID-Victimes-violences-sport-FSGT-V07-2025.pdf\">\n\t\t\t\t\t\t<span class=\"elementor-button-content-wrapper\">\n\t\t\t\t\t\t\t\t\t<span class=\"elementor-button-text\">T\u00e9l\u00e9charger<\/span>\n\t\t\t\t\t<\/span>\n\t\t\t\t\t<\/a>\n\t\t\t\t<\/div>\n\t\t\t\t\t\t\t\t<\/div>\n\t\t\t\t<\/div>\n\t\t\t\t<\/div>\n\t\t\t\t\t<\/div>\n\t\t\t\t<\/div>\n\t\t<div class=\"elementor-element elementor-element-d1fe920 e-flex e-con-boxed e-con e-parent\" data-id=\"d1fe920\" data-element_type=\"container\" data-e-type=\"container\">\n\t\t\t\t\t<div class=\"e-con-inner\">\n\t\t<div class=\"elementor-element elementor-element-021906d e-con-full e-flex e-con e-child\" data-id=\"021906d\" data-element_type=\"container\" data-e-type=\"container\">\n\t\t\t\t<div class=\"elementor-element elementor-element-2f0fad5 elementor-widget elementor-widget-heading\" data-id=\"2f0fad5\" data-element_type=\"widget\" data-e-type=\"widget\" data-widget_type=\"heading.default\">\n\t\t\t\t<div class=\"elementor-widget-container\">\n\t\t\t\t\t<h4 class=\"elementor-heading-title elementor-size-default\"><a href=\"https:\/\/fsgt95.fr\/wp-content\/uploads\/2024\/08\/declaration-accident-rc-fsgt-wtw.pdf\">Info d\u00e9pliant Assurance IA\n2025-2026\n<\/a><\/h4>\t\t\t\t<\/div>\n\t\t\t\t<\/div>\n\t\t\t\t<\/div>\n\t\t<div class=\"elementor-element elementor-element-ca9e8d8 e-con-full e-flex e-con e-child\" data-id=\"ca9e8d8\" data-element_type=\"container\" data-e-type=\"container\">\n\t\t\t\t<div class=\"elementor-element elementor-element-42ec905 elementor-align-right elementor-widget elementor-widget-button\" data-id=\"42ec905\" data-element_type=\"widget\" data-e-type=\"widget\" data-widget_type=\"button.default\">\n\t\t\t\t<div class=\"elementor-widget-container\">\n\t\t\t\t\t\t\t\t\t<div class=\"elementor-button-wrapper\">\n\t\t\t\t\t<a class=\"elementor-button elementor-button-link elementor-size-sm\" href=\"https:\/\/fsgt95.fr\/wp-content\/uploads\/2026\/02\/FSGT-ASSURANCE-IA-NOTICE-DINFORMATION-2025-26-VF.pdf\">\n\t\t\t\t\t\t<span class=\"elementor-button-content-wrapper\">\n\t\t\t\t\t\t\t\t\t<span class=\"elementor-button-text\">T\u00e9l\u00e9charger<\/span>\n\t\t\t\t\t<\/span>\n\t\t\t\t\t<\/a>\n\t\t\t\t<\/div>\n\t\t\t\t\t\t\t\t<\/div>\n\t\t\t\t<\/div>\n\t\t\t\t<\/div>\n\t\t\t\t\t<\/div>\n\t\t\t\t<\/div>\n\t\t<div class=\"elementor-element elementor-element-d856a58 e-flex e-con-boxed e-con e-parent\" data-id=\"d856a58\" data-element_type=\"container\" data-e-type=\"container\">\n\t\t\t\t\t<div class=\"e-con-inner\">\n\t\t<div class=\"elementor-element elementor-element-50301c4 e-con-full e-flex e-con e-child\" data-id=\"50301c4\" data-element_type=\"container\" data-e-type=\"container\">\n\t\t\t\t<div class=\"elementor-element elementor-element-307851f elementor-widget elementor-widget-heading\" data-id=\"307851f\" data-element_type=\"widget\" data-e-type=\"widget\" data-widget_type=\"heading.default\">\n\t\t\t\t<div class=\"elementor-widget-container\">\n\t\t\t\t\t<h4 class=\"elementor-heading-title elementor-size-default\"><a href=\"https:\/\/fsgt95.fr\/wp-content\/uploads\/2024\/08\/depliant-assurance-490x210-03-hd-def.pdf\">Assistance Rapatriement\n2025-2026\n<\/a><\/h4>\t\t\t\t<\/div>\n\t\t\t\t<\/div>\n\t\t\t\t<\/div>\n\t\t<div class=\"elementor-element elementor-element-798f549 e-con-full e-flex e-con e-child\" data-id=\"798f549\" data-element_type=\"container\" data-e-type=\"container\">\n\t\t\t\t<div class=\"elementor-element elementor-element-5ce2dcf elementor-align-right elementor-widget elementor-widget-button\" data-id=\"5ce2dcf\" data-element_type=\"widget\" data-e-type=\"widget\" data-widget_type=\"button.default\">\n\t\t\t\t<div class=\"elementor-widget-container\">\n\t\t\t\t\t\t\t\t\t<div class=\"elementor-button-wrapper\">\n\t\t\t\t\t<a class=\"elementor-button elementor-button-link elementor-size-sm\" href=\"https:\/\/fsgt95.fr\/wp-content\/uploads\/2026\/02\/V30.07.25-Notice-10314-FSGT.pdf\">\n\t\t\t\t\t\t<span class=\"elementor-button-content-wrapper\">\n\t\t\t\t\t\t\t\t\t<span class=\"elementor-button-text\">T\u00e9l\u00e9charger<\/span>\n\t\t\t\t\t<\/span>\n\t\t\t\t\t<\/a>\n\t\t\t\t<\/div>\n\t\t\t\t\t\t\t\t<\/div>\n\t\t\t\t<\/div>\n\t\t\t\t<\/div>\n\t\t\t\t\t<\/div>\n\t\t\t\t<\/div>\n\t\t<div class=\"elementor-element elementor-element-72c7b9e e-flex e-con-boxed e-con e-parent\" data-id=\"72c7b9e\" data-element_type=\"container\" data-e-type=\"container\">\n\t\t\t\t\t<div class=\"e-con-inner\">\n\t\t<div class=\"elementor-element elementor-element-c374933 e-con-full e-flex e-con e-child\" data-id=\"c374933\" data-element_type=\"container\" data-e-type=\"container\">\n\t\t\t\t<div class=\"elementor-element elementor-element-5e30d0b elementor-widget elementor-widget-heading\" data-id=\"5e30d0b\" data-element_type=\"widget\" data-e-type=\"widget\" data-widget_type=\"heading.default\">\n\t\t\t\t<div class=\"elementor-widget-container\">\n\t\t\t\t\t<h4 class=\"elementor-heading-title elementor-size-default\"><a href=\"https:\/\/fsgt95.fr\/wp-content\/uploads\/2024\/08\/fsgt-attestation-assurance-rc-annuelle-generale-2023-2024-def.pdf\">Guide Assurances\n2025-2026\n<\/a><\/h4>\t\t\t\t<\/div>\n\t\t\t\t<\/div>\n\t\t\t\t<\/div>\n\t\t<div class=\"elementor-element elementor-element-389ffff e-con-full e-flex e-con e-child\" data-id=\"389ffff\" data-element_type=\"container\" data-e-type=\"container\">\n\t\t\t\t<div class=\"elementor-element elementor-element-85c0228 elementor-align-right elementor-widget elementor-widget-button\" data-id=\"85c0228\" data-element_type=\"widget\" data-e-type=\"widget\" data-widget_type=\"button.default\">\n\t\t\t\t<div class=\"elementor-widget-container\">\n\t\t\t\t\t\t\t\t\t<div class=\"elementor-button-wrapper\">\n\t\t\t\t\t<a class=\"elementor-button elementor-button-link elementor-size-sm\" href=\"https:\/\/fsgt95.fr\/wp-content\/uploads\/2026\/02\/Guide-Assurances-FSGT.pdf\">\n\t\t\t\t\t\t<span class=\"elementor-button-content-wrapper\">\n\t\t\t\t\t\t\t\t\t<span class=\"elementor-button-text\">T\u00e9l\u00e9charger<\/span>\n\t\t\t\t\t<\/span>\n\t\t\t\t\t<\/a>\n\t\t\t\t<\/div>\n\t\t\t\t\t\t\t\t<\/div>\n\t\t\t\t<\/div>\n\t\t\t\t<\/div>\n\t\t\t\t\t<\/div>\n\t\t\t\t<\/div>\n\t\t\t\t<\/div>\n\t\t","protected":false},"excerpt":{"rendered":"<p>Assurances Le contrat de responsabilit\u00e9 civile destin\u00e9 aux clubs et \u00e0 leurs adh\u00e9rent\u00b7es r\u00e9pond \u00e0 l\u2019exigence l\u00e9gale de souscription d\u2019une assurance RC. Cette obligation est satisfaite automatiquement \u00e0 la FSGT&hellip;&nbsp;<a href=\"https:\/\/fsgt95.fr\/index.php\/elementor-274\/\" class=\"\" rel=\"bookmark\">Lire la suite &raquo;<span class=\"screen-reader-text\">Assurances<\/span><\/a><\/p>\n","protected":false},"author":1,"featured_media":0,"parent":0,"menu_order":0,"comment_status":"closed","ping_status":"closed","template":"page-templates\/template-pagebuilder-full-width.php","meta":{"om_disable_all_campaigns":false,"_uag_custom_page_level_css":"","neve_meta_sidebar":"","neve_meta_container":"","neve_meta_enable_content_width":"","neve_meta_content_width":0,"neve_meta_title_alignment":"","neve_meta_author_avatar":"","neve_post_elements_order":"","neve_meta_disable_header":"","neve_meta_disable_footer":"","neve_meta_disable_title":"","footnotes":""},"class_list":["post-274","page","type-page","status-publish","hentry"],"yoast_head":"<!-- This site is optimized with the Yoast SEO plugin v26.9 - https:\/\/yoast.com\/product\/yoast-seo-wordpress\/ -->\n<title>Assurances - FSGT 95<\/title>\n<meta name=\"robots\" content=\"index, follow, max-snippet:-1, max-image-preview:large, max-video-preview:-1\" \/>\n<link rel=\"canonical\" href=\"https:\/\/fsgt95.fr\/index.php\/elementor-274\/\" \/>\n<meta property=\"og:locale\" content=\"fr_FR\" \/>\n<meta property=\"og:type\" content=\"article\" \/>\n<meta property=\"og:title\" content=\"Assurances - FSGT 95\" \/>\n<meta property=\"og:description\" content=\"Assurances Le contrat de responsabilit\u00e9 civile destin\u00e9 aux clubs et \u00e0 leurs adh\u00e9rent\u00b7es r\u00e9pond \u00e0 l\u2019exigence l\u00e9gale de souscription d\u2019une assurance RC. Cette obligation est satisfaite automatiquement \u00e0 la FSGT&hellip;&nbsp;Lire la suite &raquo;Assurances\" \/>\n<meta property=\"og:url\" content=\"https:\/\/fsgt95.fr\/index.php\/elementor-274\/\" \/>\n<meta property=\"og:site_name\" content=\"FSGT 95\" \/>\n<meta property=\"article:modified_time\" content=\"2026-02-14T08:16:20+00:00\" \/>\n<meta name=\"twitter:card\" content=\"summary_large_image\" \/>\n<meta name=\"twitter:label1\" content=\"Dur\u00e9e de lecture estim\u00e9e\" \/>\n\t<meta name=\"twitter:data1\" content=\"1 minute\" \/>\n<script type=\"application\/ld+json\" class=\"yoast-schema-graph\">{\"@context\":\"https:\/\/schema.org\",\"@graph\":[{\"@type\":\"WebPage\",\"@id\":\"https:\/\/fsgt95.fr\/index.php\/elementor-274\/\",\"url\":\"https:\/\/fsgt95.fr\/index.php\/elementor-274\/\",\"name\":\"Assurances - FSGT 95\",\"isPartOf\":{\"@id\":\"https:\/\/fsgt95.fr\/#website\"},\"datePublished\":\"2024-08-23T07:43:04+00:00\",\"dateModified\":\"2026-02-14T08:16:20+00:00\",\"breadcrumb\":{\"@id\":\"https:\/\/fsgt95.fr\/index.php\/elementor-274\/#breadcrumb\"},\"inLanguage\":\"fr-FR\",\"potentialAction\":[{\"@type\":\"ReadAction\",\"target\":[\"https:\/\/fsgt95.fr\/index.php\/elementor-274\/\"]}]},{\"@type\":\"BreadcrumbList\",\"@id\":\"https:\/\/fsgt95.fr\/index.php\/elementor-274\/#breadcrumb\",\"itemListElement\":[{\"@type\":\"ListItem\",\"position\":1,\"name\":\"Accueil\",\"item\":\"https:\/\/fsgt95.fr\/\"},{\"@type\":\"ListItem\",\"position\":2,\"name\":\"Assurances\"}]},{\"@type\":\"WebSite\",\"@id\":\"https:\/\/fsgt95.fr\/#website\",\"url\":\"https:\/\/fsgt95.fr\/\",\"name\":\"FSGT 95\",\"description\":\"Comit\u00e9 d\u00e9partemental Val d&#039;Oise\",\"publisher\":{\"@id\":\"https:\/\/fsgt95.fr\/#organization\"},\"potentialAction\":[{\"@type\":\"SearchAction\",\"target\":{\"@type\":\"EntryPoint\",\"urlTemplate\":\"https:\/\/fsgt95.fr\/?s={search_term_string}\"},\"query-input\":{\"@type\":\"PropertyValueSpecification\",\"valueRequired\":true,\"valueName\":\"search_term_string\"}}],\"inLanguage\":\"fr-FR\"},{\"@type\":\"Organization\",\"@id\":\"https:\/\/fsgt95.fr\/#organization\",\"name\":\"fsgt95.fr\",\"alternateName\":\"Comit\u00e9 FSGT 95\",\"url\":\"https:\/\/fsgt95.fr\/\",\"logo\":{\"@type\":\"ImageObject\",\"inLanguage\":\"fr-FR\",\"@id\":\"https:\/\/fsgt95.fr\/#\/schema\/logo\/image\/\",\"url\":\"https:\/\/fsgt95.fr\/wp-content\/uploads\/2024\/04\/cropped-cropped-LogoFSGT95-png-1.png\",\"contentUrl\":\"https:\/\/fsgt95.fr\/wp-content\/uploads\/2024\/04\/cropped-cropped-LogoFSGT95-png-1.png\",\"width\":372,\"height\":360,\"caption\":\"fsgt95.fr\"},\"image\":{\"@id\":\"https:\/\/fsgt95.fr\/#\/schema\/logo\/image\/\"}}]}<\/script>\n<!-- \/ Yoast SEO plugin. -->","yoast_head_json":{"title":"Assurances - FSGT 95","robots":{"index":"index","follow":"follow","max-snippet":"max-snippet:-1","max-image-preview":"max-image-preview:large","max-video-preview":"max-video-preview:-1"},"canonical":"https:\/\/fsgt95.fr\/index.php\/elementor-274\/","og_locale":"fr_FR","og_type":"article","og_title":"Assurances - FSGT 95","og_description":"Assurances Le contrat de responsabilit\u00e9 civile destin\u00e9 aux clubs et \u00e0 leurs adh\u00e9rent\u00b7es r\u00e9pond \u00e0 l\u2019exigence l\u00e9gale de souscription d\u2019une assurance RC. Cette obligation est satisfaite automatiquement \u00e0 la FSGT&hellip;&nbsp;Lire la suite &raquo;Assurances","og_url":"https:\/\/fsgt95.fr\/index.php\/elementor-274\/","og_site_name":"FSGT 95","article_modified_time":"2026-02-14T08:16:20+00:00","twitter_card":"summary_large_image","twitter_misc":{"Dur\u00e9e de lecture estim\u00e9e":"1 minute"},"schema":{"@context":"https:\/\/schema.org","@graph":[{"@type":"WebPage","@id":"https:\/\/fsgt95.fr\/index.php\/elementor-274\/","url":"https:\/\/fsgt95.fr\/index.php\/elementor-274\/","name":"Assurances - FSGT 95","isPartOf":{"@id":"https:\/\/fsgt95.fr\/#website"},"datePublished":"2024-08-23T07:43:04+00:00","dateModified":"2026-02-14T08:16:20+00:00","breadcrumb":{"@id":"https:\/\/fsgt95.fr\/index.php\/elementor-274\/#breadcrumb"},"inLanguage":"fr-FR","potentialAction":[{"@type":"ReadAction","target":["https:\/\/fsgt95.fr\/index.php\/elementor-274\/"]}]},{"@type":"BreadcrumbList","@id":"https:\/\/fsgt95.fr\/index.php\/elementor-274\/#breadcrumb","itemListElement":[{"@type":"ListItem","position":1,"name":"Accueil","item":"https:\/\/fsgt95.fr\/"},{"@type":"ListItem","position":2,"name":"Assurances"}]},{"@type":"WebSite","@id":"https:\/\/fsgt95.fr\/#website","url":"https:\/\/fsgt95.fr\/","name":"FSGT 95","description":"Comit\u00e9 d\u00e9partemental Val d&#039;Oise","publisher":{"@id":"https:\/\/fsgt95.fr\/#organization"},"potentialAction":[{"@type":"SearchAction","target":{"@type":"EntryPoint","urlTemplate":"https:\/\/fsgt95.fr\/?s={search_term_string}"},"query-input":{"@type":"PropertyValueSpecification","valueRequired":true,"valueName":"search_term_string"}}],"inLanguage":"fr-FR"},{"@type":"Organization","@id":"https:\/\/fsgt95.fr\/#organization","name":"fsgt95.fr","alternateName":"Comit\u00e9 FSGT 95","url":"https:\/\/fsgt95.fr\/","logo":{"@type":"ImageObject","inLanguage":"fr-FR","@id":"https:\/\/fsgt95.fr\/#\/schema\/logo\/image\/","url":"https:\/\/fsgt95.fr\/wp-content\/uploads\/2024\/04\/cropped-cropped-LogoFSGT95-png-1.png","contentUrl":"https:\/\/fsgt95.fr\/wp-content\/uploads\/2024\/04\/cropped-cropped-LogoFSGT95-png-1.png","width":372,"height":360,"caption":"fsgt95.fr"},"image":{"@id":"https:\/\/fsgt95.fr\/#\/schema\/logo\/image\/"}}]}},"uagb_featured_image_src":{"full":false,"thumbnail":false,"medium":false,"medium_large":false,"large":false,"1536x1536":false,"2048x2048":false,"depicter-thumbnail":false,"neve-blog":false},"uagb_author_info":{"display_name":"adminfsgt95","author_link":"https:\/\/fsgt95.fr\/index.php\/author\/adminfsgt95\/"},"uagb_comment_info":0,"uagb_excerpt":"Assurances Le contrat de responsabilit\u00e9 civile destin\u00e9 aux clubs et \u00e0 leurs adh\u00e9rent\u00b7es r\u00e9pond \u00e0 l\u2019exigence l\u00e9gale de souscription d\u2019une assurance RC. Cette obligation est satisfaite automatiquement \u00e0 la FSGT&hellip;&nbsp;Lire la suite &raquo;Assurances","_links":{"self":[{"href":"https:\/\/fsgt95.fr\/index.php\/wp-json\/wp\/v2\/pages\/274","targetHints":{"allow":["GET"]}}],"collection":[{"href":"https:\/\/fsgt95.fr\/index.php\/wp-json\/wp\/v2\/pages"}],"about":[{"href":"https:\/\/fsgt95.fr\/index.php\/wp-json\/wp\/v2\/types\/page"}],"author":[{"embeddable":true,"href":"https:\/\/fsgt95.fr\/index.php\/wp-json\/wp\/v2\/users\/1"}],"replies":[{"embeddable":true,"href":"https:\/\/fsgt95.fr\/index.php\/wp-json\/wp\/v2\/comments?post=274"}],"version-history":[{"count":92,"href":"https:\/\/fsgt95.fr\/index.php\/wp-json\/wp\/v2\/pages\/274\/revisions"}],"predecessor-version":[{"id":818,"href":"https:\/\/fsgt95.fr\/index.php\/wp-json\/wp\/v2\/pages\/274\/revisions\/818"}],"wp:attachment":[{"href":"https:\/\/fsgt95.fr\/index.php\/wp-json\/wp\/v2\/media?parent=274"}],"curies":[{"name":"wp","href":"https:\/\/api.w.org\/{rel}","templated":true}]}}